 - 2*m. Let q = n + -54. What is the tens digit of q?
5
Suppose 0 = 4*p - 2*g - 22, -2*p - 13 = -3*p - 2*g. Let o = p + 11. Let q = 7 + o. What is the tens digit of q?
2
Suppose 3*r - 6*r - 3*l + 711 = 0, 0 = -2*r - 5*l + 462. What is the tens digit of r?
4
Let p = 28 + -26. Let q(u) = 20 - u**p - 12*u + u**3 - 25 + 11*u**2. What is the units digit of q(-11)?
6
Let r(p) = -2*p**3 + 1. Let n = -10 - -11. Suppose -n = 3*t + w, 5 = -t + 3*w - 2. What is the units digit of r(t)?
3
What is the units digit of ((-7)/(-4))/(6/4920)?
5
Let s(n) = 41*n**2 + 5*n - 21. What is the hundreds digit of s(3)?
3
Let f = 8 - 7. What is the tens digit of (2 - f)/((-4)/(-76))?
1
Let f = -51 + 51. Suppose f = -3*w + 380 - 8. What is the tens digit of w?
2
Let m(z) = -z**2 + 8*z + 9. Let o be m(8). Let a be 48/o - (-2)/(-6). Suppose -f - 3*j + 7 = 0, 0*f - a*j - 3 = f. What is the tens digit of f?
2
Suppose 5*a = 2*r + 88, 4*a - r = 84 - 16. Let c(j) = j**3 - 16*j**2 + 11*j + 8. What is the units digit of c(a)?
4
Let r = 4606 - 1637. What is the hundreds digit of r?
9
Let w(g) be the third derivative of -g**6/120 - g**4/24 - g**2. Let a be w(-1). Suppose -36 - 56 = -a*v. What is the units digit of v?
6
Let g(r) = -r**3 + 8*r**2 - 7*r - 5. Let v be g(6). Let q be (20/v)/((-2)/(-15)). Suppose x - q*x = -95. What is the units digit of x?
9
Suppose 4*l - 15466 = -5*i, -i + 4*l + 2022 = -1076. What is the hundreds digit of i?
0
Let x(y) = -10*y**3 - y**2 + 2*y - 4. Let c be x(2). Let s = c - -205. What is the hundreds digit of s?
1
Let y(r) = 3*r**3 - 25*r**2 - 3*r - 2. What is the tens digit of y(10)?
6
Suppose 4*i - 8*i = -264. Let b = i - 21. What is the tens digit of b?
4
Suppose -r - 1 - 1 = 0. Let a(s) = 29*s**2 + 3*s + 2. What is the tens digit of a(r)?
1
Let h(y) = 2573*y + 32. What is the tens digit of h(1)?
0
Let l(u) = -2*u - 4. Let n be l(-3). Suppose -n*c = -3*t + 40, -c + 6*c = 4*t - 65. Suppose -t = -f + 26. What is the tens digit of f?
3
Let v(p) = 2*p + 5. Let t be v(-6). Suppose -6*m = -11*m - 70. What is the tens digit of (-16)/m*-3*t?
2
Suppose -39 = 5*f + 21. Let i = 15 + f. Suppose s + u = i*u + 24, -u = 5*s - 142. What is the units digit of s?
8
Suppose -5*o + 2*o + 124 = 5*p, 0 = 2*p - o - 43. Let a = p + 24. Let d = a + 16. What is the tens digit of d?
6
Suppose 23 = 4*p - 217. Suppose 3*s - p = s. Suppose 3*f = k - s, -2*k - 3*f + 20 = f. What is the tens digit of k?
1
Let k = -13 + 13. Suppose k = -4*l + 7*l - 75. What is the tens digit of l?
2
Let j be 21 + 1/(-2)*0. Suppose 2*t + j = 53. Suppose c = t - 5. What is the tens digit of c?
1
Suppose 1677 = 3*o + 300. What is the hundreds digit of o?
4
Let p(z) = z**3 - z**2. Let g be p(2). Suppose 0 = c + c - 5*q - 17, 53 = 5*c - 2*q. Suppose -g*f - c = -55. What is the tens digit of f?
1
Let k(q) = -87*q**3 + 4*q**2 - 2. Let h(u) = -43*u**3 + 2*u**2 - 1. Let x(d) = -5*h(d) + 3*k(d). Let o be x(1). Let n = -17 - o. What is the tens digit of n?
2
Let g be ((-976)/24)/((-2)/3). Let y be (g - 3) + -3 - -2. Let s = 100 - y. What is the units digit of s?
3
Let m be (-4)/8 + (-1605)/(-6). Suppose 707 = 4*u + m. What is the units digit of u?
0
Suppose 87*j - 10567 = -5*k + 86*j, -8453 = -4*k - j. What is the tens digit of k?
1
Suppose n = 2*b + 2*n - 322, -b + 143 = -4*n. Let r = b + -52. What is the units digit of r?
7
Suppose -3*y = -39 + 3. Let k = y + 11. What is the tens digit of k?
2
Suppose 4 = -2*u + 4*l, 3*u - 2*l = 5*u - 20. Suppose 0*a = u*a - 270. What is the tens digit of a?
4
Let y(m) = -7*m + 1. Let w be y(3). Let n = w + -3. Let k = n - -44. What is the tens digit of k?
2
Let g(l) = -1824*l**3 + 4*l**2 + 4*l - 1. What is the tens digit of g(-1)?
2
Suppose 0 = b - 3*b + 4. Let t be (b/3)/((-2)/30). What is the tens digit of t*((-147)/(-6))/(-7)?
3
Suppose m + 5*p = 2794, 17*p - 8393 = -3*m + 13*p. What is the units digit of m?
9
Let l(t) = t**3 - 11*t**2 - 7. Let n be l(11). Let x = -2 - n. Suppose -12 = -x*a + 2*a. What is the units digit of a?
4
Let i be (-4)/(16/(-3))*4. Suppose d - 3*r = -7*r - i, 4*r + 33 = 5*d. Suppose -o + 108 = d*f - 2*o, 0 = -f - 4*o + 9. What is the tens digit of f?
2
Let d be 24/(-20) + (-4)/(-20). What is the tens digit of (-2)/(-4) - (d + 994/(-4))?
5
Let i(m) = m**3 + 5*m**2 + 4*m - 1. Let r be i(-4). Suppose 1 = -t + 3*q - 6, 0 = 5*t + 4*q - 22. Let c = t - r. What is the units digit of c?
3
Let h(y) = -y**2 + 4*y + 3. Let d be h(3). What is the units digit of d/(-15) + (-1960)/(-25)?
8
Suppose 4*n = 0, 4 = 2*q - 3*n - 0*n. Let o be (-7 - q)/((-3)/2). Suppose -g - 105 = -o*g. What is the tens digit of g?
2
Let l(y) be the first derivative of y**3/3 - y**2/2 + 20*y + 1. Suppose -4*x = -1 - 11, -15 = i - 5*x. What is the tens digit of l(i)?
2
Let x(y) = -y**2 + 15*y - 23. Suppose -7*t + 25 + 31 = 0. What is the units digit of x(t)?
3
Let x(u) = 2*u - 1. Let s be x(2). Suppose -s*l + 124 = 43. Suppose -l + 119 = 4*q. What is the units digit of q?
3
Suppose l = 2*b - l + 22, 5*b = -5*l - 55. Let i = b - -15. Suppose -i*m - 2*v = -72, 5*v = -4*m + 52 + 26. What is the units digit of m?
7
Suppose 2*s - 3223 = -0*g - 5*g, 2*g - 6 = 0. What is the thousands digit of s?
1
Let j = 268 + -123. Suppose r = -r + 8. Suppose r*m = j + 35. What is the tens digit of m?
4
Let c = 1872 + -1251. What is the hundreds digit of c?
6
Suppose -3*j - 3 = -5*d, 4*d - 6*j + 4*j - 4 = 0. What is the tens digit of (50*d - 0)/(12/16)?
0
Let t(s) = -2*s + 7*s + 7*s + 1 - s. What is the units digit of t(13)?
4
Let z = -106 + 47. Let b = z + 29. What is the units digit of b/15*-7*3?
2
What is the tens digit of 502 + 4 + 3 + -6 + -7?
9
Let g = 401 + -188. Suppose h - g = 4*v - 8*v, 3 = -v. What is the units digit of h?
5
Suppose 0 = -z - 0 + 3, -4*m - z = -1635. Suppose -3*p + 465 = 2*d + 77, -3*p = -3*d - m. What is the tens digit of p?
3
Suppose 0 = -7*l + 11*l - 3904. What is the units digit of l?
6
Let m be (8/(-6))/((-12)/180). Suppose -d = 3*d - m. What is the units digit of d?
5
Let x(p) = -p**3 + 6*p**2 + 4. Let o be 6/(-10) + (-132)/(-20). Let n be x(o). Suppose 55 = n*t - 113. What is the units digit of t?
2
Suppose 11 = -2*x + 3. Let k = x + 9. Suppose -10*u + k*u = -50. What is the tens digit of u?
1
Suppose 1069*t = 1068*t - 8. Let m = -37 - -63. Let s = t + m. What is the units digit of s?
8
Suppose -5*h = -93 + 53. Suppose -t = h*t - 234. What is the units digit of t?
6
Suppose -16*s - 17424 = -25*s. What is the units digit of s?
6
Suppose -v + 5 = -437. What is the hundreds digit of v?
4
Let b = 19 + -15. Suppose -245 + 9 = -b*r. What is the tens digit of r?
5
Let t be (-12)/4*1*-1. Suppose t*s + 2*s + 3*l - 350 = 0, 5*l + 25 = 0. Let n = s + -51. What is the units digit of n?
2
Suppose -4*w + 146 = 3*v + 51, -5*v = 3*w - 173. What is the tens digit of v?
3
Suppose 0 = -z - 5*f + 43, -f = -z + f + 64. What is the units digit of z?
8
Let p(f) = -f + 26. Let i be p(7). Suppose h = 66 - i. What is the units digit of h?
7
Suppose 5*u - 1234 = -4*t + 3292, -5*t = -5*u + 4490. What is the tens digit of u?
0
Let y be (-24)/2*(-10)/4. Suppose y = 5*s + 105. Let h = s + 28. What is the units digit of h?
3
Suppose -9 = 2*k - 57. Suppose d - 4*d = k. What is the units digit of (-13)/(-52) + (-6)/d?
1
Let k(a) = a + 15. Let w be k(-13). Suppose 2*o = -5*t + 131, -w*t - 5*o = -4*t + 35. What is the tens digit of t?
2
Let w(n) = n**3 + 7*n**2 - 31*n - 32. What is the units digit of w(8)?
0
What is the hundreds digit of ((5820/24)/(-5))/((-2)/80)?
9
Let d = 0 - 32. What is the units digit of ((-4)/(-32)*-6)/(1/d)?
4
Let p(c) = c**2 - c - 7. Let l be 3/2 + 4/8. Suppose -x + l = -3. What is the tens digit of p(x)?
1
Suppose 0 = -140*b + 136*b - 300. Let p = b + 142. What is the tens digit of p?
6
Let n be (1 - (0 + -1)) + 0. Suppose -2*k + 8 = 4*g, n*g - 8 = -5*k + 2*k. Suppose 5*p - k*o = 24 - 0, -3 = -p + o. What is the units digit of p?
6
Suppose -328 = -3*n + 347. Suppose 0*h = -5*h + 4*m + n, m + 90 = 2*h. Let g = h - 16. What is the tens digit of g?
2
Suppose 0 = -196*j + 178*j + 3330. What is the tens digit of j?
8
Let c be ((-15)/(-10))/(6/56). Let l = c + -11. Suppose k = -5*f + 31 - l, -f - 20 = -3*k. What is the units digit of k?
8
Let c(r) = r**3 - 13*r**2 - r + 18. Let o be c